ppose 190 = 5*q - 3*h, 4*q - d*h - 154 = -h. What is the units digit of q?
1
Suppose 9*r = 4*r + 1320. Suppose -3*o + r = 3*i, -33 + 8 = 5*o. Let d = i + -36. What is the units digit of d?
7
Suppose -94*j + 4028 = -90*j - 5*l, 0 = l. What is the units digit of j?
7
Let v = 607 - 604. Suppose 5*u - 261 - 369 = 4*m, 0 = -v*u - 5*m + 378. What is the hundreds digit of u?
1
Let x(b) = 953*b**2 - 30*b - 20. What is the ten thousands digit of x(-4)?
1
Let i(l) = 95*l**3 + 76*l**2 - 416*l - 6. What is the ten thousands digit of i(6)?
2
Let a(f) = 5*f - 31. Suppose 14*x = -13 + 111. Let b be a(x). Suppose b*m = 394 - 98. What is the tens digit of m?
7
Let v = -10904 + 16715. What is the hundreds digit of v?
8
Let l(m) = -65*m**2 - 21*m - 9. Let s(q) = 66*q**2 + 18*q + 10. Let b(i) = 2*l(i) + 3*s(i). What is the units digit of b(-4)?
2
Let s = -78 + 78. Suppose 0 = -s*b - b + 90. Suppose -5*y + 200 = -b. What is the units digit of y?
8
Suppose 2*m - 171 = -i, -3*m - 3*i = -2*m - 88. Suppose 0 = -2*k - m - 43. Let w = k + 91. What is the units digit of w?
7
Let y(v) = v**2 - 11*v + 4. Let g be y(5). Let o(f) = -f**3 - 10*f**2 + 38*f + 176. Let u be o(-13). Let l = g + u. What is the hundreds digit of l?
1
Suppose 216240 = 8*p - 0*p + 41568. What is the units digit of p?
4
Suppose -4*j - 18 = -3*s - 6, 3*s = 5*j + 18. What is the hundreds digit of ((-308)/j)/(2*6/54)?
2
Let r(t) = 36129*t**3 - t**2 - 99*t + 99. What is the tens digit of r(1)?
2
Suppose 0 = h + 18 + 30. Let p be 3/(-2)*h/(-36). Let g(d) = 39*d**2 - d - 3. What is the tens digit of g(p)?
5
Suppose 0 = 4*l - 18 - 54. Suppose -19*k - l = -13*k. What is the hundreds digit of ((-1500)/5)/(-2) - k?
1
Let j(q) = q**3 - 26*q**2 - 4*q + 24021. What is the thousands digit of j(0)?
4
Let b = 38 - -916. Let v = b + -661. What is the hundreds digit of v?
2
Let w(o) be the first derivative of -o**5/20 + 3*o**4/4 - o**3/6 - o**2 - 2*o + 1. Let c(u) be the first derivative of w(u). What is the hundreds digit of c(6)?
1
Suppose 7*w = 21*w - 952. Suppose 80*n - 13656 = w*n. What is the hundreds digit of n?
1
Let t = 14 + -15. Let k be 108 - t/((-4)/16). Suppose -5*p + k = -4*x - 276, 2*p - 3*x - 159 = 0. What is the tens digit of p?
7
Let s(k) = -258*k**3 + 4*k**2 - 2*k - 4. Suppose 55*p + 50 = 5*p. What is the hundreds digit of s(p)?
2
Suppose -23*q = -27*q + 5*m, -q - m + 9 = 0. Suppose -6*b + q*b = -924. What is the hundreds digit of b?
9
Suppose l = 5*x + 22, l - 3*x = -7*x - 14. Suppose 0 = 5*q - 5*f - 400, -l*f - 2*f = 12. Let a = q + -37. What is the tens digit of a?
4
Suppose -49325 = -7*b - 7059. What is the thousands digit of b?
6
Suppose -316032 = 79*j - 143*j. What is the thousands digit of j?
4
What is the hundreds digit of (-346610)/(-26) - (16 - (-3090)/(-195))?
3
Suppose -2*x + 0*x = -3*x. Suppose x = 8*y - 7*y - 144. Suppose 3*a + b - y = 0, -3*a + 101 = -a - b. What is the units digit of a?
9
Suppose -7*w = -9*w + 84*w - 1170058. What is the thousands digit of w?
4
Let j = -78 + 83. Suppose -j*v = -33 + 8. Suppose h - 147 = -y + v*y, 10 = -2*y. What is the units digit of h?
7
Let b(o) = -48*o + 195. Let y be b(36). Let t = -855 - y. What is the units digit of t?
8
Let u be 1*(1 + 4/2). Suppose -6*o = -7*o + 3*i + 2, i = -3*o + 6. Suppose 0 = -u*k + o*h + 210, 4*k + 0*k - 280 = 4*h. What is the tens digit of k?
7
Let z = -6 + 10. Let y(a) = 4*a - 37. Let d be y(5). What is the tens digit of (-1345)/d - z/34?
7
Let m(u) = -56*u**2 - 14*u + 29. Let w be m(2). Let o = w - -393. What is the tens digit of o?
7
Let w(o) = -15*o - 85. Let l be w(-14). Let a = l - 78. What is the units digit of a?
7
What is the thousands digit of 6/(-27)*6/4 - 5057360/(-132)?
8
Suppose -4*c - 4*j = -84416, 66*c - 62*c = -3*j + 84420. What is the ten thousands digit of c?
2
Let c = 5588 - -1788. What is the thousands digit of c?
7
What is the units digit of (-114760)/(-57)*((-63)/(-15))/((-4)/(-5))?
0
Let y(l) = -6*l - 17. Let t be y(-4). Suppose 0 = t*h - 1312 - 109. What is the units digit of h?
3
Let o be 3*(-3)/15*-5. Suppose -o*k + 75 = -6. Suppose -244 = -7*f - k. What is the tens digit of f?
3
Let v be (-1 - 0)/((-3)/9). Let y be (1/v)/(0 + (-3)/(-27)). Suppose 103 = h - y. What is the tens digit of h?
0
Suppose 2*n + 1 - 23 = 0. Suppose -n*p = -93 - 6. Suppose -623 = -p*l + 367. What is the hundreds digit of l?
1
Let w be ((-25)/(-15))/((-5)/(-15)). Suppose -w*d - 240 = 130. Let l = 283 + d. What is the units digit of l?
9
Suppose 0 = 5*z - 2*v - 34028, 7*v = -4*z + 3*v + 27256. What is the tens digit of z?
0
Suppose -6 = -p - 3*b, 4*b - 14 = 5*p - 44. Let h(t) = t**3 + t**2 + 28*t - 11. What is the units digit of h(p)?
9
Let j = 2014 + -2965. Let g = 2029 + j. What is the tens digit of g?
7
Suppose -55 - 29 = -7*k. Let t be (-2548)/k + 1/3. Let y = t + 368. What is the tens digit of y?
5
Let j = 67 - 11. Let a = 100 + j. What is the hundreds digit of a?
1
Let g be 360/(-126)*7/2. Let w(y) = -3*y**3 - 30*y**2 - 8*y + 16. What is the tens digit of w(g)?
9
What is the units digit of -2*(-9 + (-316365)/42)?
3
Suppose -4*y + 3*r + 24 = 5*r, -r + 2 = 0. Let u = 523 - 18. Suppose y*f - u = -5*o, -5*f + 103 = o - 414. What is the units digit of f?
4
Let a(c) = c**3 + 13*c**2 + 2*c - 62. Let z be a(-12). Let g = -1 - -4. Suppose -g*v + 152 = -z. What is the tens digit of v?
7
Let a(r) = 211*r**2 - 139*r + 1033. What is the units digit of a(8)?
5
Let w = -11364 - -16315. What is the hundreds digit of w?
9
Let k(r) = 9*r**3 - 2*r**2 + 2*r + 5. Let x be k(-1). What is the units digit of (x + 3)*1 + 714?
9
Let h be (8/(-32) + 38/8)*50. Let i = -38 + h. What is the tens digit of i?
8
Let b be ((-4)/16)/(2/(-16)) - -95. Let y be ((-12)/8)/((-2)/4). Let d = b + y. What is the hundreds digit of d?
1
Let g(u) = -2*u**2 - 18*u - 4. Let k be g(-9). Let l be ((-1)/2)/(k/(-96)). Let h = l + 22. What is the units digit of h?
0
Let w be (-18)/(-4) - (10 + (-76)/8). Suppose s = 7*s + o - 10474, -4*s - w*o = -6996. What is the hundreds digit of s?
7
Let s(w) = -w**3 - 14*w**2 - 5*w + 11. Let q be s(-14). Let j = q + -78. What is the tens digit of ((-2)/(-6) - 0) + 452/j?
5
Let i(s) = -s**3 - 5*s**2 + 12*s + 21. Let r be i(-9). What is the tens digit of ((-20)/(1 - -3))/((-3)/r)?
9
Let z = -430 - -458. Let l(h) = h**2 - 4*h - 63. What is the units digit of l(z)?
9
Let s(f) = -f**3 - f**2 + 3*f - 664. Suppose 0 = 3*m - 7*m + 2*m. Let h be s(m). What is the tens digit of h/6*(5 + 91/(-14))?
6
Let l be 1/(602/(-300) - -2). Let k be (6/(-4))/((-90)/(-5160)). Let i = k - l. What is the units digit of i?
4
Let x(c) = c**2 - 9. Let v be x(3). What is the tens digit of (v + -474)*(30 + -33)?
2
Let s = 77759 + -21019. What is the tens digit of s?
4
Let b = -136 + 134. What is the units digit of -2*-75*(-5)/b?
5
Let u(n) = n**3 + 13*n**2 - 9*n + 17. Let q be (-58)/(-2)*(3 - 4). Let c = -42 - q. What is the units digit of u(c)?
4
Let k = 98 + -94. Suppose -7*t - 186 = -k*t. Let h = t - -101. What is the units digit of h?
9
Let w be 0/((-5)/(-1)) - 1*3. Let j be (-4 + 3)*(257 + w). Let v = -10 - j. What is the units digit of v?
4
Suppose 2*l - 44 - 96 = 0. Suppose -2*t - 4*z - 202 = 0, t + 3*z = -30 - l. Let v = t + 110. What is the units digit of v?
7
Let l(v) = -6*v**2 - 8*v - 5. Let d(h) = h**2 - 1. Let s(g) = -5*d(g) - l(g). Let p be s(-9). Let z = -17 + p. What is the units digit of z?
2
Suppose -187 - 98 = 15*m. Let k(z) = z**2 + z + 4. What is the units digit of k(m)?
6
Let b(f) = f**3 + 22*f**2 + 24*f + 56. Let t be b(-21). Let p(j) = -26*j - 2. What is the units digit of p(t)?
0
Let v(q) = 1010*q - 225. What is the hundreds digit of v(7)?
8
Suppose -4*x - 16*x + 28352 + 12428 = 0. What is the units digit of x?
9
Suppose 6*v = 7*v - 489. Let n = v - 255. Let c = n - 42. What is the hundreds digit of c?
1
Let i be (-29)/4*((-11)/1 + -1). Suppose 0 = -5*j - i + 1607. What is the hundreds digit of j?
3
Let x = -10 - -6. Let k(y) = -107*y - 24. What is the hundreds digit of k(x)?
4
Let l be ((-284914)/63)/(-2) + 2/(-9). Let s = l - 1605. What is the tens digit of s?
5
Let c(x) = -x**3 - 30*x**2 + 65*x + 23. Let i be c(-32). What is the tens digit of (i + (-100)/(-12))*(-677 - 1)?
5
Let y = 29 + -22. Suppose -3*x - 2 = -5*g, -5*x - y*g 